 -44?
-1023021
In base 14, what is -2635 + -2?
-2637
In base 14, what is 3 - 2367?
-2364
In base 11, what is 39 - -1a5a?
1a98
In base 6, what is 2 + -10325?
-10323
In base 12, what is 3339 - 38?
3301
In base 12, what is -177 + -b80?
-1137
In base 5, what is 1431242 - -200?
1431442
In base 5, what is 1334314 + 3?
1334322
In base 14, what is 6da + -23?
6b7
In base 2, what is -11010111 + -10001100111?
-10100111110
In base 6, what is -3215145 - 1?
-3215150
In base 16, what is de866 - -4?
de86a
In base 10, what is 2 + -82432?
-82430
In base 15, what is -190 + b3?
-cc
In base 15, what is -39 + -33?
-6c
In base 12, what is 85b409 - -5?
85b412
In base 3, what is 1220 - 2102110?
-2100120
In base 10, what is -157 - 3192?
-3349
In base 10, what is 13619 - -31?
13650
In base 11, what is 156 + 372?
518
In base 10, what is 57 - 4545?
-4488
In base 12, what is 5304 + 1?
5305
In base 12, what is -8ba5 + -2?
-8ba7
In base 3, what is -1122012 + 1000?
-1121012
In base 4, what is -100330 + -112323?
-213313
In base 14, what is -39b7 - 84?
-3a5b
In base 3, what is -21211012 - 2202?
-21220221
In base 5, what is 22320 - -11201?
34021
In base 13, what is -88c3 + -6?
-88c9
In base 5, what is -11300 + 122?
-11123
In base 11, what is 1 + -1389?
-1388
In base 8, what is -100454 - -3?
-100451
In base 14, what is 40 - 20d2?
-2092
In base 5, what is 110134412 + -21?
110134341
In base 3, what is 11220021000 + 2?
11220021002
In base 10, what is 153 - -1527?
1680
In base 2, what is 1000011001 - -10000111001?
11001010010
In base 5, what is -1344130 - -4?
-1344121
In base 9, what is -28340 - -5?
-28334
In base 13, what is 2 + -6caa?
-6ca8
In base 9, what is -7 - -602?
584
In base 8, what is 0 + -6502?
-6502
In base 6, what is 33 - 32341?
-32304
In base 13, what is -1183 + 26?
-115a
In base 14, what is -18 - 9568?
-9582
In base 8, what is -1047 + -2452?
-3521
In base 14, what is 8180 - 58?
8126
In base 3, what is -1 - 1022001000211?
-1022001000212
In base 4, what is 1312 + -12222?
-10310
In base 13, what is -510 - 5?
-515
In base 4, what is -121 + -110221?
-111002
In base 3, what is 2102121122 + 221?
2102122120
In base 10, what is 1500 + -10?
1490
In base 3, what is -10 + 1010120121?
1010120111
In base 7, what is -12055 - 1?
-12056
In base 16, what is 24a4 + -2?
24a2
In base 8, what is 760332 + -20?
760312
In base 12, what is -147a - -3?
-1477
In base 13, what is -ba57b + -1?
-ba57c
In base 11, what is 17 + -750?
-734
In base 16, what is -3e002d - 4?
-3e0031
In base 3, what is 20 + -1111121021?
-1111121001
In base 10, what is 4 - 78792?
-78788
In base 13, what is -2742 + 27c?
-2493
In base 12, what is -7 - -961?
956
In base 5, what is -1114301 + -24?
-1114330
In base 4, what is -1300120 + -13?
-1300133
In base 12, what is b5 - -70aa?
71a3
In base 12, what is -2 + -113117?
-113119
In base 15, what is 6de + c3?
7b2
In base 12, what is -15548 - 10?
-15558
In base 14, what is -1b8681 + -3?
-1b8684
In base 3, what is -10012222112101 + -12?
-10012222112120
In base 2, what is 111101001011010000001 + 0?
111101001011010000001
In base 10, what is 5887 - 1?
5886
In base 7, what is 3 + 42161?
42164
In base 13, what is -5 - 627b?
-6283
In base 4, what is 13023003 + -13?
13022330
In base 7, what is -22323 + 165?
-22125
In base 10, what is 4 - 436886?
-436882
In base 10, what is 294 + 179?
473
In base 9, what is -3 + -154014?
-154017
In base 12, what is 2 + 38607?
38609
In base 8, what is 1333 + 7?
1342
In base 10, what is -1 + -333935?
-333936
In base 4, what is 11 + 32321203?
32321220
In base 10, what is -2541 + 1?
-2540
In base 3, what is 102012220111 - 20?
102012220021
In base 15, what is -7 + -6b73?
-6b7a
In base 3, what is -22 - -20212012221?
20212012122
In base 8, what is 31662 - -17?
31701
In base 10, what is 13 + -2470?
-2457
In base 15, what is -a1 + -6c?
-11d
In base 9, what is -106 - 3710?
-3816
In base 16, what is -52b - 23?
-54e
In base 11, what is -2410 - 12?
-2422
In base 16, what is 4 - 57a31?
-57a2d
In base 8, what is -113 - -303?
170
In base 5, what is -4431321 + -104?
-4431430
In base 5, what is -1041014 - -4?
-1041010
In base 10, what is 19 - 53840?
-53821
In base 11, what is -84727 + 4?
-84723
In base 16, what is -9 + -1515?
-151e
In base 6, what is -141 + 403303?
403122
In base 6, what is -3243 + 140?
-3103
In base 16, what is -12c5d - 0?
-12c5d
In base 5, what is -133 - -24333?
24200
In base 8, what is 63 - -2163?
2246
In base 2, what is 10010 + -111100010000?
-111011111110
In base 15, what is 31cb + 2?
31cd
In base 4, what is 100122 - -31303?
132031
In base 11, what is -2437 - -8?
-242a
In base 10, what is 393 - 349?
44
In base 15, what is -a5 - -5aa8?
5a03
In base 6, what is -434 + -111?
-545
In base 10, what is 6 - -12278?
12284
In base 10, what is -7268 - 102?
-7370
In base 2, what is -100 + -10111000011001?
-10111000011101
In base 8, what is 351 + -2131?
-1560
In base 11, what is -4107 - 1?
-4108
In base 9, what is 3408 - -474?
3883
In base 6, what is 25 + 1015?
1044
In base 9, what is 87216 + -2?
87214
In base 9, what is 25 - -3035?
3061
In base 8, what is 523641 + -5?
523634
In base 6, what is -10404 - -3145?
-3215
In base 7, what is -14 + -162303?
-162320
In base 7, what is 5301 - 32?
5236
In base 3, what is -21 - -20121001111?
20121001020
In base 11, what is -27758 + 3?
-27755
In base 7, what is 2413 + -1546?
534
In base 3, what is -10 + 20101010020?
20101010010
In base 2, what is 100 - -110000111001111?
110000111010011
In base 11, what is -a633 - -39?
-a5a5
In base 4, what is 213113 - 1?
213112
In base 4, what is -100 + 200222?
200122
In base 7, what is 6310 - 24?
6253
In base 5, what is -10 + 422442?
422432
In base 7, what is 40546 + -114?
40432
In base 2, what is -11000100 - 110011101?
-1001100001
In base 15, what is 3e8c1 - 1?
3e8c0
In base 4, what is -20 + -100020001?
-100020021
In base 6, what is -24130 + -22?
-24152
In base 10, what is -5 + 837?
832
In base 3, what is -12 + 110211000000?
110210222211
In base 14, what is a527 + 1?
a528
In base 4, what is 31221333 - 3?
31221330
In base 3, what is 2021110 + 2?
2021112
In base 7, what is 1431643 - 34?
1431606
In base 13, what is 4798 + 112?
48aa
In base 16, what is -580e + 2?
-580c
In base 16, what is 16 + 120c9?
120df
In base 4, what is 21100 + 12331?
100031
In base 4, what is -31 - -10002231?
10002200
In base 15, what is 23bb - -3?
23be
In base 7, what is 334205 + 2?
334210
In base 10, what is -2 + -18082?
-18084
In base 12, what is -25 + -6984?
-69a9
In base 13, what is -91ac - -5?
-91a7
In base 13, what is 1aa + -202?
-25
In base 10, what is -1437 - 847?
-2284
In base 4, what is -1311221 - 10?
-1311231
In base 10, what is -4 + -38654?
-38658
In base 4, what is -2 - 103111?
-103113
In base 11, what is 136220 - 16?
136205
In base 2, what is 100000 - 111110110101100?
-111110110001100
In base 14, what is 5 + -2871?
-286a
In base 4, what is -13 + -133031220?
-133031233
In base 15, what is -924296 - 5?
-92429b
In base 7, what is 6 + 534452?
534461
In base 14, what is -42628 + -1?
-42629
In base 4, what is -2 - 221230032?
-221230100
In base 10, what is -17 - -2543?
2526
In base 13, what is -3 - 97525?
-97528
In base 3, what is 2 - 1210200102?
-1210200100
In base 2, what is -1000001011010011100011 - -11?
-1000001011010011100000
In base 7, what is 5 - -14606?
14614
In base 4, what is 1202212 + 221?
1203033
In base 4, what is 3000 + 2110?
11110
In base 16, what is 4 - 2dc?
-2d8
In base 14, what is -9a200 - -5?
-9a1d9
In base 13, what is 4 - 2b5c?
-2b58
In base 14, what is 2d074 - -3?
2d077
In base 6, what is 1004141 - 3?
1004134
In base 5, what is 3313 - 20?
3243
In base 16, what is 64e5 - -5?
64ea
In base 11, what is 55 + -19338?
-19293
In base 8, what is 6 - -533553?
533561
In base 12, what is a93 + -52?
a41
In base 5, what is 2103243 + -2?
2103241
In base 6, what is 4 - 10313?
-10305
In base 12, what is 2 - -5735?
5737
In base 13, what is 3 - 9b7a?
-9b77
In base 12, what is 1 + 1875?
1876
In base 11, what is -122503 + -5?
-122508
In base 12, what is -bb636 - 1?
-bb637
In base 2, what is -1010100100111 + -11100110?
-1011000001101
In base 4, what is 2232020 + 11?
2232031
In base 3, what is -1201 - -110100?
101122
In base 7, what is -1003536 + -2?
-1003541
In base 16, what is 49566 + -5?
49561
In base 10, what 